 Let k be (8 - 4 - 4) + o + -5. What is the highest common factor of k and 119?
7
Let i be 2/(-3)*(-3 + 30). Let z be (i/27)/(3/(-75 + 3)). Calculate the greatest common divisor of 64 and z.
16
Let u(d) = -5*d - 12. Let j(c) = -27*c + 46. Let y be j(6). Let l = y + 110. Let k be u(l). What is the highest common factor of 45 and k?
9
Let u = -6069 + 6115. Calculate the greatest common factor of 2 and u.
2
Suppose -a - 2*a = 4*o - 23, -4*o = 5*a - 25. Suppose 0 = 2*v + 5*i - 82, i - 66 = 40*v - 42*v. Calculate the greatest common divisor of a and v.
1
Suppose -10*j = 5*j - 990. Suppose j = -13*m + 79. What is the greatest common divisor of 4 and m?
1
Let s be (-44 - (-2 - -4))/(2/(-3)). Suppose -w + s = -3*j - 60, 5*w - 5*j = 645. Calculate the greatest common divisor of w and 43.
43
Let x = -6323 - -7273. Calculate the greatest common divisor of x and 38.
38
Suppose -5*x = -7*x + 200. Let y(p) = -115*p - 1655. Let u be y(-17). Calculate the greatest common factor of u and x.
100
Suppose -1508*h + 1509*h = -5*f + 252, -4*f - 5*h + 189 = 0. Calculate the highest common divisor of f and 192.
3
Let c(w) = -21*w**2 - 92*w + 70. Let z be c(-5). Calculate the highest common factor of z and 379.
1
Let f = -16 - -34. Suppose -5*u + 63 = 243. Let y be u/60 + 726/10. What is the highest common factor of y and f?
18
Let r(o) = o**3 - 47*o**2 - 22*o - 411. Let v be r(48). What is the greatest common factor of v and 217?
31
Suppose 6 + 0 = g. Let h = -7193 - -7313. What is the highest common divisor of g and h?
6
Let k = -14 - -29. Let j be k/(-12)*2*-66. Suppose 22*t - j = 19*t. Calculate the highest common divisor of 495 and t.
55
Let v = 91 + -281. Let g = -174 - v. Suppose -2*y = -0*y - 224. What is the greatest common factor of y and g?
16
Suppose -2 - 2 = -k. Let l be (5 + k + 0)*13. Suppose 7*q + l = 8*q. Calculate the highest common divisor of 13 and q.
13
Suppose -16*a + 8*a + 3072 = 24*a. Calculate the greatest common divisor of 186 and a.
6
Let i be (3 + -27)*(-5 + 11). Let q = -121 - i. Calculate the greatest common factor of q and 184.
23
Suppose -6 = -2*u, -4*k + 5*u - 5 + 2 = 0. Suppose -4*s - 8 = 0, -4*z - s - k*s + 48 = 0. What is the greatest common factor of 238 and z?
14
Suppose -234749 = -429*n - 7808. Calculate the greatest common factor of n and 1633.
23
Suppose 0 = -13*l + 51899 - 45620. Calculate the highest common divisor of l and 546.
21
Let d = 16132 - 16027. What is the highest common divisor of 4011 and d?
21
Let g = 93 - 89. Suppose 0 = n + q + q - 106, -204 = -2*n + g*q. What is the greatest common factor of n and 13?
13
Let j = 12145 + -12046. What is the highest common factor of j and 1606?
11
Suppose -9*x + 48 = -33. Let t be ((-18)/(-15))/((9/(-10))/(-3)). Suppose -t*k = -7*k + 324. What is the greatest common divisor of k and x?
9
Suppose 4*y - 24 = 24. Suppose 432*b = 395*b - 37. Let w be (b + y)*(18 - -1). What is the highest common divisor of 19 and w?
19
Let l = 3057 + -3007. Calculate the greatest common factor of l and 3700.
50
Let k(t) be the third derivative of t**4/6 - 71*t**3/3 - 3*t**2 - 7*t. Let m be k(0). Let v = m - -185. Calculate the highest common factor of v and 301.
43
Suppose 24*m - 285 - 1035 = -0*m. Calculate the greatest common factor of m and 17050.
55
Let m = -90 + 95. Suppose 32 = -3*z + 7*z - 4*y, 2*z = -m*y - 12. Suppose z*o = 5*c - 102, 2*c - 57 = 5*o - 6. What is the highest common factor of c and 1?
1
Suppose i = 6*i - 4*k - 160, 3*i + k - 113 = 0. Let t(n) = -n**3 + 32*n**2 - 98*n - 372. Let a be t(28). What is the highest common divisor of i and a?
4
Suppose 157*l + 5148 = 163*l. What is the highest common factor of l and 24?
6
Suppose 0 = -2*u - 2, -5*r - 4*u = 1334 - 10845. Calculate the highest common factor of 692 and r.
173
Suppose -4*b - 3*z = -7*z + 44, 4*b - 2*z = -44. Let c = -10 - b. Let j be -8 + 20 - (-1 + (-2)/(-1)). What is the greatest common divisor of j and c?
1
Let l(i) = 4*i**2 + 89*i + 180. Let v be l(-35). Calculate the highest common divisor of v and 15.
15
Let u = -469 - -484. Let s be 16/(-4) - (5 + 0). Let f(r) = r + 12. Let l be f(s). Calculate the greatest common factor of u and l.
3
Let c be (-2 - 3)/(44/(-2981)) + 12/(-16). Calculate the greatest common factor of c and 2197.
169
Let y = -10 + 82. Let s(x) = 31*x**2 + 176*x - 350. Let m be s(2). What is the greatest common divisor of m and y?
18
Let j(g) = -g**3 + 6*g**2 + 5*g + 5. Let i be j(0). What is the highest common divisor of 1355 and i?
5
Let o be 148 + (-11 - (-5 + -2)). Suppose -405*u = -408*u + o. What is the greatest common factor of u and 64?
16
Let m(k) = 24*k - 163. Let t be m(7). Suppose 6*n - n + 17 = b, -t*n = -5. Calculate the greatest common factor of 506 and b.
22
Let y = -3235 - -3262. Let l = 43 - -11. Calculate the greatest common factor of y and l.
27
Let c be ((-660)/(-77))/((7 - 10)/(-168)). Let g be (4*-1)/(1/(-3)). What is the greatest common factor of c and g?
12
Suppose 4*t - 5*f = 7201, -2*t - 5*f + 1889 = -1674. What is the highest common divisor of 9269 and t?
299
Suppose f - 3 = 1. Suppose -5*d - 6 = -3*h - 29, -5*d = -20. Let i be ((-4)/(-12))/(16/(-18) - h). What is the highest common factor of i and f?
1
Let m be (-10540)/(-110) + 4/22 + 14 + -9. What is the highest common factor of 404 and m?
101
Suppose 129*i - 126*i + 355 = 74*i. Let z be ((-6)/5)/((-1)/5). Suppose -3*w - 57 = -3*h, i*w - 7 = z*h - 7*h. What is the greatest common factor of 51 and h?
17
Let r = -886 + 1359. Calculate the highest common divisor of 22 and r.
11
Suppose 0 = -614*t + 795*t - 21177. Calculate the greatest common factor of 14079 and t.
39
Let x(v) = 2*v**3 - 4*v**2 + 4*v - 2. Let z be x(2). Let k be -7 - (-32 - (-40 - -21)). Calculate the greatest common divisor of k and z.
6
Let x(w) = 6*w**2 - 3*w - 157. Let t be x(16). Suppose 5*i - a = t, -3*i + 5*i = a + 533. Calculate the greatest common divisor of 38 and i.
38
Let g be -72*(20/(-3) - -2). Let m be (3/2 + (-2120)/(-80))*(-3)/(-4). What is the greatest common factor of g and m?
21
Suppose -u - 6*u - 140 = 0. Let a = 20 - u. What is the greatest common divisor of a and 64?
8
Suppose 0 = 5*h + 12 - 12. Suppose h = -5*y + 16 - 6, 2 = -p - 5*y. Let l = -10 - p. Calculate the highest common factor of l and 8.
2
Let y = 366 - 362. Suppose 4*x - 107 = -4*l + l, y*l - 130 = x. Calculate the highest common factor of 88 and l.
11
Suppose 191*q - 265188 = -117*q. Calculate the highest common factor of q and 63.
21
Let m(i) = -i**3 + 5*i**2 - 2*i + 7. Let d be m(4). Suppose 0 = -4*a + 118 - 326. Let s = a + 57. What is the greatest common divisor of d and s?
5
Let i be -5 - -1 - (-28 + 2). Suppose -4*s - 6*w + i = -3*w, -8 = 4*w. Let q = 27 - s. What is the greatest common factor of q and 60?
20
Let k be (32/(-14))/(9867/(-546) + 18). Calculate the greatest common divisor of 6400 and k.
32
Let r be ((5/(-25))/((-12)/192))/((-2)/(-2270)). What is the greatest common factor of 16 and r?
16
Suppose -4*d - 8 = -6*d. Suppose 4*l = -3*s + 28 + 12, -4*l = -d*s + 72. Suppose -5*w = -4*w - s. What is the greatest common divisor of w and 40?
8
Let n = 25 - 27. Let x = n + 2. Suppose x = 2*m - 6*m + 20. What is the highest common factor of m and 5?
5
Let s = -15269 - -15401. Calculate the greatest common divisor of 1056 and s.
132
Let f(v) = -v**2 - 9*v + 22. Let u be f(-11). Suppose m - 5*i = 123 + 54, u = 5*m + 2*i - 966. What is the greatest common divisor of m and 6?
6
Let a be (-28)/(-8)*144/28. Suppose -l + a = -4*l. Let u = 44 - l. Calculate the highest common divisor of u and 10.
10
Suppose 4*u + 5*z - 56375 = 0, 2*u + 11150 = 4*z + 39370. What is the greatest common factor of u and 90?
30
Let n(j) = 2*j - 76. Let i be n(36). Let x be (i + (-3)/(-1))*(-5 + -50). Calculate the highest common factor of x and 5.
5
Suppose -20 = -6*u + u, 0 = 4*m + 5*u - 36. Suppose 10*f - 8*f - 4 = 0. Suppose -f*d = 5*d - 56. What is the greatest common factor of m and d?
4
Suppose -967*u + 988*u = 33600. Calculate the highest common factor of u and 192.
64
Let z = -36 + 60. Let p = -3117 + 3126. Calculate the greatest common factor of p and z.
3
Let m(q) = 19*q**2 + 39*q - 7. Let c be m(7). What is the greatest common divisor of c and 665?
133
Let t(v) = 17*v - 3. Le